uppose -21 = -5*v + 2*v. What is the greatest common divisor of v and l?
7
Suppose -16*i = -i. Suppose 2*g + b = 79, -3*g + i*b = b - 118. What is the greatest common factor of g and 13?
13
Let t be 2040/(-80) - -25 - (23526/(-4) - -1). Calculate the greatest common divisor of t and 28.
28
Let m = 1581 - 606. Let k(v) = -50*v + 2828. Let u be k(55). What is the highest common factor of u and m?
39
Suppose 3*j - 480 + 72 = w, -3*j + 420 = -5*w. Calculate the highest common divisor of 170 and j.
5
Let g(n) be the second derivative of n**4/4 + 7*n**3/3 - 3*n**2/2 - n + 49. Let f be g(-12). Calculate the highest common divisor of f and 36.
9
Suppose 142*m - 27962 = 80*m. What is the greatest common divisor of 253 and m?
11
Let p = 1838 - 1816. Let c be (1 + 11)*872/12. Suppose 868 = 5*s - 3*z, -5*s + 0*s + 2*z = -c. Calculate the greatest common factor of s and p.
22
Let i be ((-304)/(-24) - 5) + 170/(-102). Suppose 4*r = r + 90. Calculate the highest common divisor of i and r.
6
Suppose 101 = z - 3*h, -4*z - h = 4*h - 353. Suppose -z*w = -96*w + 176. Calculate the highest common factor of w and 187.
11
Suppose 50*b - 804 = 4*b - 68. Let p = 1735 - 1047. Calculate the highest common divisor of p and b.
16
Let p(d) = -d**3 - 8*d**2 + 4*d + 7. Suppose 0 = -10*j + 508 - 598. Let h be p(j). What is the greatest common factor of h and 65?
13
Let r(q) = -126*q**3 + q - 202*q**3 + 85*q**3. Let s be r(1). Let m = 396 + s. Calculate the greatest common factor of 14 and m.
14
Let p(y) = y**2 + 156*y + 5608. Let f be p(-56). What is the greatest common factor of 22248 and f?
8
Let a be 4/(-34) + 120/(-136) + 903/7. Calculate the greatest common factor of a and 1504.
32
Suppose 19*n - 5*n + 29*n - 92407 = 0. What is the greatest common divisor of n and 28?
7
Let l be (-4)/(-4) + (146 + -1 - -1). Let x be (-17)/((-119)/(-294))*(-1)/2. Calculate the greatest common factor of l and x.
21
Let a = 166 + -173. Let r be 38/(-1 + -1)*a. What is the greatest common factor of 19 and r?
19
Suppose -5*q - 17430 = 9*q. Let i = -342 - q. Let n be (-66)/110 - i/(-5). Calculate the greatest common factor of n and 20.
20
Let i = 5 - 3. Let z(u) = -37*u**2 - 13*u + 24. Let k be z(2). Let d = -142 - k. What is the highest common divisor of d and i?
2
Suppose t = 4*b + 13, -t = -b - 22 - 6. Calculate the highest common factor of t and 123.
3
Suppose 0 = -2*s + 9 + 1, -3*s - 129 = -f. Calculate the greatest common divisor of f and 2040.
24
Let d(a) = -3*a**2 - 40*a - 9. Let c be d(-11). Suppose -c*k = -50*k - 1440. What is the highest common factor of 100 and k?
20
Suppose 3*a + 51*a - 4590 = 0. Suppose z = 3*i - 2*z - 204, 4*i - 3*z = 272. What is the greatest common factor of a and i?
17
Let c(m) = m**3 - 6*m**2 - 6*m + 2. Let k be c(5). Let w = k + -5. Let t = 81 + w. What is the greatest common factor of 92 and t?
23
Let k(m) = 5183 + 0*m**2 - 5141 + 25*m**2 + m**3. Let p be k(-25). What is the greatest common divisor of 18 and p?
6
Let t(h) = 494*h - 3838. Let d be t(9). Calculate the highest common divisor of 988 and d.
76
Let v be (-1)/((-24)/9 + 3). Let j be 322/(-21) - 1/v. Let h be ((-4)/3 - -1)/(1/j). Calculate the greatest common divisor of h and 5.
5
Let c(v) be the third derivative of -1/15*v**5 + 3*v**2 + 25/12*v**4 + 0*v - 13/6*v**3 + 0. Let n be c(12). Calculate the greatest common divisor of n and 77.
11
Let u be (-2463)/(-4) + (-121)/(-484). What is the highest common factor of 770 and u?
154
Suppose o = 4*r - 2018, 14 + 1496 = 3*r + o. What is the highest common factor of 144 and r?
72
Let f be (-12)/3 + 4/(-16)*-116. What is the greatest common factor of 500 and f?
25
Suppose 7*x - 11 = -4. Suppose -2*z + 5*l + 126 = -x, -4*z + 3*l = -219. What is the greatest common divisor of 68 and z?
17
Let p(t) = 603*t**3 - 2*t - 3. Let r be p(-1). Let u = -298 - r. What is the highest common divisor of 18 and u?
18
Suppose -2*j + 125 = 5*s, -2*j - 91 = 5*s - 8*s. Suppose 110 = s*a - 5*a. Calculate the greatest common divisor of a and 35.
5
Let y(j) = j**2 - 60*j - 196. Let a be y(-4). What is the highest common factor of 45 and a?
15
Let w(c) = -c**2 - 12*c - 12. Let d be w(-11). Let b be 284/(-12) + d/3. Let t be (b/(-14))/((-6)/(-609)). What is the greatest common divisor of 29 and t?
29
Let j = -1313 - -2214. What is the highest common divisor of j and 136?
17
Let g be (-2)/5 + 5516/140. Calculate the greatest common divisor of 1885 and g.
13
Suppose 4*m + 5*i - 499 = 0, 0 = -m + 5*m + 2*i - 514. Suppose -q + m = -29. Suppose -87*v + 82*v + q = 0. Calculate the greatest common divisor of 48 and v.
16
Suppose -y + 3 = -53. Suppose y*a = 11*a + 1035. Let z be 250 - (0 + -1) - -2. What is the greatest common factor of a and z?
23
Let q = -2548 - -2556. Suppose 3*x - 7*x + 8 = 0. Suppose -3*d + 20 = -4*j, -x = -4*d + j + 16. Calculate the greatest common divisor of q and d.
4
Suppose -3*o - 13 = -19. Suppose -o*v - 7*v = 0. Suppose v*n - n - 336 = -a, 4*n = -3*a + 1043. What is the greatest common divisor of a and 31?
31
Let p(a) = -873*a - 8726. Let g be p(-10). Let s be ((-62)/6)/(1/(-3)). Calculate the greatest common factor of g and s.
1
Suppose w - 5 = 0, -3*w + 506 = 7*y - 209. What is the highest common divisor of 620 and y?
20
Suppose -269*t - 116116 = -291*t. Calculate the greatest common factor of 143 and t.
13
Suppose -57*o + 66*o = 522. What is the highest common factor of 1450 and o?
58
Let m be 122 + -31 - (1 + -2). What is the greatest common divisor of 598 and m?
46
Let n = -507 - -528. What is the greatest common divisor of n and 1106?
7
Let r = 92 + -92. Suppose l - 5*q = 215, -5*l - 3*q + 991 = -r*q. Suppose -21*d = -29*d + l. What is the greatest common factor of 125 and d?
25
Let i(m) = -m**2 - 13*m + 50. Let d be (12/(-9))/((-97)/(-12) + -8). Let f be i(d). What is the highest common divisor of 11 and f?
1
Let o = -396 - -409. Let x be o - (-2 + 3 + 1). Calculate the greatest common divisor of 2 and x.
1
Suppose -745 = -9*d + 5*d - 5*g, 4*g - 748 = -4*d. Suppose -39*a + 300 = -9*a. Calculate the highest common factor of a and d.
10
Let z(x) = -x**3 + 7*x**2 - 2*x + 14. Let l be z(7). Suppose l = -3*b - 32 + 110. Suppose -7*p = -b - 219. What is the highest common factor of 21 and p?
7
Suppose 0 = -4*f + 3*p + p + 20, 4*p = -20. Suppose f = -l + j + 10, 3*l + 3*j = -0*j + 42. What is the highest common factor of 60 and l?
12
Let d = -336 - -346. Let w be (-20)/60 + 19/3. Let z be (-4)/1*(-165)/w. Calculate the greatest common divisor of d and z.
10
Suppose 0 = 2*p - q - 5, -39 + 9 = -4*p - 2*q. Let d be 172 + (-4 + p)*(-1)/1. Calculate the highest common factor of d and 9.
9
Let w = 1607 + -1597. Calculate the highest common divisor of 26170 and w.
10
Let h be ((-9)/(-12))/(1/44). Let p be (2310/(-10))/((-3)/3). Suppose -p = -51*k + 44*k. What is the greatest common factor of k and h?
33
Suppose -38 - 522 = -14*p + 1904. What is the highest common divisor of 26 and p?
2
Suppose v + 6 = 7, -5*v - 211 = -4*w. What is the highest common divisor of 138 and w?
6
Suppose 10*l + 320 = 1810. Let q = -123 + l. What is the highest common divisor of 78 and q?
26
Let g = -4519 - -4739. Calculate the greatest common divisor of g and 748.
44
Let g = 19420 + -13021. Calculate the greatest common divisor of g and 948.
237
Let r = 2742 - 1142. Calculate the highest common factor of r and 60.
20
Let o(l) = -l**2 - 498*l + 33. Let h be o(0). Let m(v) = -v**2 + 11*v + 1. Let x be m(11). Calculate the greatest common divisor of h and x.
1
Suppose -4*y + 840 = 5*u, 5*u = 21*y - 22*y + 840. Calculate the greatest common divisor of 3066 and u.
42
Let r(x) = x**3 - 14*x**2 - 18*x + 59. Let l(i) = i**2 + 14*i + 63. Let a be l(-8). Let b be r(a). Calculate the greatest common divisor of 126 and b.
14
Suppose v + 3*s = -7, s = -2*s - 9. Let g(u) = v - 1 - 5 - 25*u - 3*u**2 - 7. Let o be g(-7). What is the greatest common divisor of o and 51?
17
Let i(m) be the third derivative of m**6/120 - m**5/6 + 3*m**4/8 - 17*m**3/6 + 84*m**2. Let q be i(11). Calculate the highest common factor of q and 21.
7
Let p = -19765 + 23450. Calculate the highest common factor of p and 2345.
335
Let c be 1/(474/(-1708) + 2/7). Suppose -3*x = 3*l - 33, 3*x + c = 5*l + 35. Calculate the greatest 